tors of i(-5)?
53
Let g = -27 + 34. Suppose -12*n + g*n = -260. List the prime factors of n.
2, 13
Suppose 0 = -3*w + 2*w - 6. Let b(k) = 3*k**2 + k - 8. Let x be b(w). List the prime factors of (x + 2)/4 + 3.
3
Let s(q) = -q**3 - 10*q**2 + 11*q + 15. Suppose 5*g - 63 = 5*w + 3*g, 3*g = 2*w + 34. What are the prime factors of s(w)?
3, 5
Suppose 2*r + 25 = -15. Let y = r - 10. What are the prime factors of 2/5 + (-288)/y?
2, 5
Let h(u) = u**3 + 15*u**2 + 14*u + 31. Let m be (4/5)/((-4)/70). What are the prime factors of h(m)?
31
Let r = 761 - 483. Let x = r + -127. Let z = x - 86. List the prime factors of z.
5, 13
Suppose 0 = 181*h - 177*h - 18540. What are the prime factors of h?
3, 5, 103
Let t = 73 - -76. List the prime factors of t.
149
Let w be (-2)/(-32)*-4 - (-15)/(-4). List the prime factors of (-266)/w + 51/34.
2, 17
Let z(r) = -3*r + 115. What are the prime factors of z(-14)?
157
Let v = 250 - 4. List the prime factors of v.
2, 3, 41
Suppose -5*i = h - 34, 5*h - 3*i - 230 = 2*i. List the prime factors of 212/h*1 + 4/22.
5
Suppose c + 3*u - 365 = 0, -4*c - 2*u = -2*c - 722. List the prime factors of c.
359
Let m be ((-9)/(-2))/(1/10). What are the prime factors of 18/m - (-766)/10?
7, 11
Suppose -7*n = -3*n - 16. Suppose -g = -n*g + 33. What are the prime factors of (-2 - -3)*g*1?
11
Let k be 4/8 + 41/2. Let g = k - -13. What are the prime factors of g?
2, 17
Let l be ((-52)/(-20) + -4)*-5. Let k(h) = -h**3 + 8*h**2 + 5*h + 12. List the prime factors of k(l).
2, 3
Suppose 0 = -5*v + 4*v + 48. Let n = v + 57. Suppose -n = -3*w - 15. What are the prime factors of w?
2, 3, 5
Suppose 10*t + 626 = 2056. Let z = 80 + t. What are the prime factors of z?
223
Let z(m) = 74*m + 69. Let r be z(-12). Let i = -477 - r. What are the prime factors of i?
2, 3, 19
Let h(u) = 499*u**3 - 3*u**2 + 2*u + 6. What are the prime factors of h(2)?
2, 3, 5, 7, 19
Suppose -a + 2*h + 491 = 0, -4*a - h + 3*h + 1946 = 0. List the prime factors of a.
5, 97
Let t = 3999 - 2700. What are the prime factors of t?
3, 433
Suppose -2*s = 2*s, 4*o + 4*s = -8. Let a(i) = -i**2 - 2*i - 1. Let f be a(o). What are the prime factors of (-6 - f)*(-15)/25?
3
Let p = 6130 - 3826. What are the prime factors of p?
2, 3
Suppose 10*g = 26*g - 23184. What are the prime factors of g?
3, 7, 23
Suppose 5*t - 2*i = 10, 3*t - 4*i = -0*t + 6. Suppose t*f - 3*u + 7 = 50, 4*f + u - 51 = 0. Suppose 0 = v, -q = 4*v - v - f. List the prime factors of q.
2, 7
Suppose 1071 = g + 3*f, 2*g + 22*f - 2150 = 20*f. What are the prime factors of g?
3, 359
Suppose -5*g - 2*a = -0*a, -g = 2*a + 8. Let i(p) = -3 + 2*p + 0*p**2 - 1 - 3*p**g + 4*p**2. What are the prime factors of i(5)?
31
Let i = -838 - -1884. List the prime factors of i.
2, 523
Suppose -4*g - 21 - 17 = -3*o, 0 = 3*o - g - 50. Suppose 8 = -h + o. List the prime factors of h.
2, 5
Suppose 14 = 3*k - 7. Let i = 44 - k. List the prime factors of i.
37
Let r(k) = k + 3. Let h be r(-4). Let l be (h - 1)/((-11)/88). Suppose 3*j + 7 = l. List the prime factors of j.
3
Suppose -12527 = -18*p + 15967. List the prime factors of p.
1583
Let f = 3427 + -2192. What are the prime factors of f?
5, 13, 19
Suppose 16*c = 13015 + 3353. What are the prime factors of c?
3, 11, 31
Suppose -5*l + a = -15, 6*l - l - 15 = -3*a. Suppose -3*z = 4*n - 87, -3*n + 6*n = -l*z + 84. What are the prime factors of z?
5
Let l(b) = 202*b + 4250. What are the prime factors of l(0)?
2, 5, 17
Let u be (-2 - (-12)/8)*-2. Let n(b) = 18*b**3 - 2*b**2 + 3*b - 2. Let j be n(u). Let t = -8 + j. What are the prime factors of t?
3
Let q = -492 - -703. What are the prime factors of q?
211
Let j(s) = -s**3 - 5*s**2 - 3*s + 3. Suppose 3*p + 5 = -1. Let c be 10/(-2) - p - 2. What are the prime factors of j(c)?
2, 3
Let s(j) = j**2 - 12*j - 16. Let x be s(13). Let b be 42 + 3*(x + 4). Let u = b + -15. What are the prime factors of u?
2, 3, 5
Suppose 349*k + 2693 = 350*k. What are the prime factors of k?
2693
Let i be 3/((7/2)/7). Let v = 12 - i. What are the prime factors of ((-8)/v)/(2/(-27))?
2, 3
Suppose -148 = 4*c - 5*z - 375, 3*c + 5*z - 144 = 0. Suppose -128 = -k + c. What are the prime factors of k?
181
Suppose -o = g - 3 - 1, 5*g = -o + 12. Suppose 414 = 4*q + 3*v, q - 84 = -g*v + 22. Let h = 157 - q. What are the prime factors of h?
5, 11
Suppose 0 = 3*d + 15, -4*c - 3*d - 77 = 2*d. List the prime factors of (-1378)/c*(-2)/(-4).
53
Let q = -425 - -1490. What are the prime factors of q?
3, 5, 71
What are the prime factors of (-13 + 8)*1 - -2726?
3, 907
Let w(a) = a**2 - 15*a - 10. Let y be w(13). Let v = -23 - y. Let o = v + -11. List the prime factors of o.
2
Suppose 3*b + 24 = 2*b. List the prime factors of ((-16)/b - 10/6)*-42.
2, 3, 7
Let i(k) = 3*k**3 - 12*k**2 + 38*k - 20. What are the prime factors of i(8)?
2, 263
Let i(m) be the second derivative of m**2 + 1/12*m**4 + 1/3*m**3 + 0 - 1/10*m**5 + 5*m. List the prime factors of i(-2).
2, 3
Let t = -269 - -523. What are the prime factors of t?
2, 127
Let j(c) = 102*c + 293. List the prime factors of j(18).
2129
Suppose -7 = -3*p + x, 3*p + 2*x = 4 - 0. Suppose p*o - 4*l - 490 = 0, 724 = 3*o + 16*l - 11*l. List the prime factors of o.
3
Let z(y) be the first derivative of 21*y**2/2 - 25*y + 30. List the prime factors of z(9).
2, 41
Suppose 4*h - 696 = 6*h + 2*m, 2*m = -h - 352. Let g = -186 - h. What are the prime factors of g?
2, 79
Let j(k) = k**2 - 2. Let x be j(-4). Suppose 0 = 7*s - 3*s - 24. What are the prime factors of (3 - s)*x/(-2)?
3, 7
Suppose -5*m - 10 = -5*f, 12 = 2*f + f. Suppose 21 = m*c - c. List the prime factors of c.
3, 7
What are the prime factors of 6*(-2344)/36*3/(-1)?
2, 293
Let j be 19 + 3 + (-5 - 1). Suppose -4*w = 4 - j. Suppose 48 = w*g - 0*g. List the prime factors of g.
2
Let o(z) = -7*z + 194. List the prime factors of o(10).
2, 31
Suppose 2*o - 5*o - 14 = -4*j, -j + 4*o + 10 = 0. Suppose 5*b + 68 = 3*q + 11, -5*b = -4*q + 81. Suppose -60 - q = -j*t. List the prime factors of t.
2, 3, 7
Suppose -6*n + 6 = -18. Let m(s) = s**3 + 8*s**2 + 5. Let o be m(-6). Suppose 0 = 5*b + 3*h - 93, -3*b + o + 2 = -n*h. What are the prime factors of b?
3, 7
Let d = -5 - -9. Suppose v - 4*b + d = -0*v, 3 = v + 3*b. Suppose 5*s - 154 = -f, v*f = -4*f - 4. List the prime factors of s.
31
Suppose 3*c = 5*r - 2271, r - 5*c - 547 = -106. What are the prime factors of r?
2, 3, 19
Let s = -2470 + 4421. What are the prime factors of s?
1951
Suppose 0 = -6*x - 297 + 1611. Suppose -5*b + 1095 = 3*s, -x = 3*b - 4*b + 2*s. List the prime factors of b.
3, 73
List the prime factors of (312/6)/((-124)/64 - -2).
2, 13
Suppose -1415 = -2*p + 5*z - 6*z, p + 3*z = 715. What are the prime factors of p?
2, 353
Suppose 9*o = 3*o + 3522. Suppose w + l = 137, 160 = -3*w + l + o. Let u = 209 - w. What are the prime factors of u?
2, 17
Suppose -o - 15 = u + 2*o, 3*o - 30 = 4*u. Let j = u + 41. What are the prime factors of j?
2
Let d be (2 - 1)*(-1 - -1). Suppose 4*i + 28 = 4*o + 4, 0 = -o - 3*i - 6. Suppose g = -0*g + 5*v - 12, d = -o*v + 15. List the prime factors of g.
13
Let t(r) = -10*r**3 + r**2 - 5*r - 6. Let a(s) = 29*s**3 - 3*s**2 + 14*s + 17. Let g(z) = -3*a(z) - 8*t(z). List the prime factors of g(-2).
61
Let b = 1622 - 1100. What are the prime factors of b?
2, 3, 29
Let k = 154 + -12. Let f = k - 30. List the prime factors of f.
2, 7
Let s(b) = -4*b**2 + 111*b + 5. What are the prime factors of s(14)?
5, 31
Suppose j + 3*b + 3 = 0, 4*j = -0*b - 4*b + 4. Suppose j*w + 92 = 7*w. List the prime factors of w.
23
Suppose 0 = -10*x + 251 + 1529. What are the prime factors of x?
2, 89
Let u be -2*(0 + 5/10). Let m(o) = 4*o**2 - 1. Let a be m(u). Suppose -4*r + 37 = -a*r. List the prime factors of r.
37
Suppose -4*g = s - 1392, 5*g - s = 1743 - 12. List the prime factors of g.
347
Let x(d) = -14*d**2 - 3*d + 3. Let o be x(2). Let k = o + 131. List the prime factors of k.
2, 3
Suppose -2*l + 9*l + 14 = 0. Let s(p) = 4*p**2 - p - 5. List the prime factors of s(l).
13
Let y(m) = -m**3 - 28*m**2 + 45*m + 35. List the prime factors of y(-31).
1523
Let h(m) = 6*m**2 - 12*m + 26. Let s be h(6). Suppose s = -7*q + 1458. What are the prime factors of q?
2, 23
Let p = -273 - -850. What are the prime factors of p?
577
Let d(n) = 16*n**2 + 15*n + 2